240
In base 12, what is -168 + 735?
589
In base 5, what is -34300 - 220?
-40020
In base 15, what is ab - 459?
-39d
In base 15, what is -da9 - -19?
-d90
In base 11, what is 85731 - 4?
85728
In base 16, what is 38b34e + 2?
38b350
In base 4, what is 103021 - -103?
103130
In base 16, what is 22b8b + 5?
22b90
In base 2, what is 10 + 10100111111010100?
10100111111010110
In base 9, what is 85 + 831?
1026
In base 8, what is -3 - -50400?
50375
In base 14, what is 7 + -5338b?
-53384
In base 11, what is -88 + -3815?
-38a2
In base 15, what is -7 + -5e85?
-5e8c
In base 14, what is 46b81 - -1?
46b82
In base 2, what is -1001001101110110 - -110?
-1001001101110000
In base 11, what is -15a5 + 14?
-1591
In base 10, what is -100721 + 11?
-100710
In base 12, what is 1a - 2053?
-2035
In base 5, what is -322210 - 14?
-322224
In base 16, what is -f1 - -1f?
-d2
In base 8, what is -166 - 127473?
-127661
In base 7, what is 5540216 + 5?
5540224
In base 7, what is 1250 - 1235?
12
In base 12, what is 7 + -516?
-50b
In base 15, what is 5 - -269b8?
269bd
In base 5, what is -403 + 11030?
10122
In base 3, what is 110 - 10021220?
-10021110
In base 12, what is -1b9282 - -3?
-1b927b
In base 14, what is 5 - -2a29c7?
2a29cc
In base 12, what is 35425b + -2?
354259
In base 12, what is 442 + 122?
564
In base 7, what is 3 - -23631?
23634
In base 11, what is -25 - -51321?
512a7
In base 8, what is -1051 - 110?
-1161
In base 11, what is 2 + 89813?
89815
In base 14, what is -3b53 + -1?
-3b54
In base 9, what is 12 + 35?
47
In base 10, what is 125 + 144?
269
In base 4, what is -30321122201 + 10?
-30321122131
In base 12, what is 11 + -771?
-760
In base 4, what is 2232 - 3232211?
-3223313
In base 9, what is -13 + 17256?
17243
In base 11, what is 18208 - 164?
18054
In base 13, what is 49 - -45b?
4a7
In base 3, what is 20022001 - -1220?
20100221
In base 16, what is -18b - -15?
-176
In base 9, what is 31145 + 6?
31152
In base 9, what is -33 + 41056?
41023
In base 14, what is -3 - -38b9?
38b6
In base 14, what is -3 + -2bad?
-2bb2
In base 16, what is 13954 + 5?
13959
In base 4, what is -3231200 + 3131?
-3222003
In base 9, what is 70 + 32218?
32288
In base 7, what is -124020 - -3?
-124014
In base 3, what is -1201000112 + -12?
-1201000201
In base 8, what is -2455 + 151?
-2304
In base 3, what is 2101 + -220222?
-211121
In base 16, what is 1c4 - e3?
e1
In base 7, what is 1 - 452613?
-452612
In base 12, what is b8 + -b?
a9
In base 8, what is -1 + 10272?
10271
In base 2, what is -1100010101100 - -101?
-1100010100111
In base 9, what is 4 + 634213?
634217
In base 11, what is 1 + 10322?
10323
In base 16, what is -29101e + 1?
-29101d
In base 15, what is a47 - -23?
a6a
In base 6, what is 1315 + 1335?
3054
In base 3, what is -1102 + -102120120?
-102121222
In base 14, what is 5c - 921?
-8a3
In base 7, what is 34315 + -22?
34263
In base 12, what is 4 + -378901?
-3788b9
In base 16, what is -9 - 30fe?
-3107
In base 15, what is 4eb - -13?
50e
In base 7, what is 0 + -13613646?
-13613646
In base 10, what is 1 - -8347?
8348
In base 12, what is -1b897 + -2?
-1b899
In base 4, what is 1 - 1303010?
-1303003
In base 12, what is -13 - -1817?
1804
In base 4, what is 21112 + -1333?
13113
In base 9, what is 1137 - 35?
1102
In base 13, what is -9 + -28b86?
-28b92
In base 10, what is -4 + 2686?
2682
In base 2, what is -10111011 - -11010010?
10111
In base 2, what is 1 - 100101100101001010?
-100101100101001001
In base 2, what is -1000001110100000 - -11001?
-1000001110000111
In base 16, what is 709d - -90?
712d
In base 8, what is -10260 + 247?
-10011
In base 11, what is -49725 - 2?
-49727
In base 11, what is 86 - -11a3?
1279
In base 7, what is -2 + -54115?
-54120
In base 12, what is 127b - -258?
1517
In base 12, what is -47062 - -5?
-47059
In base 4, what is 33111 - -1203?
100320
In base 11, what is -a86 - 469?
-1444
In base 10, what is 1528 + 5?
1533
In base 7, what is 116210 + 6?
116216
In base 15, what is -5 - -a8297?
a8292
In base 4, what is 101 + 222103?
222210
In base 5, what is 100330 + -3?
100322
In base 5, what is 1213134 - 42?
1213042
In base 15, what is -228a4 + 3?
-228a1
In base 14, what is 8d61 + -1?
8d60
In base 10, what is -3 + -889789?
-889792
In base 14, what is -72b2b - 2?
-72b2d
In base 5, what is -1143 + 10442?
4244
In base 3, what is -21122002 - 11?
-21122020
In base 14, what is 125d - -10?
126d
In base 16, what is -9d + -48?
-e5
In base 7, what is -2063600 - -5?
-2063562
In base 11, what is -6559a - 23?
-65612
In base 10, what is -99 - -1099?
1000
In base 12, what is 1b - -7a40?
7a5b
In base 3, what is -110022121 - 122?
-110100020
In base 8, what is -343500 + 4?
-343474
In base 11, what is -3368 - -38?
-3330
In base 12, what is -ab73 - -5?
-ab6a
In base 13, what is -b9 + 1b1?
c5
In base 13, what is 1338c - 4?
13388
In base 15, what is -1886 - -c?
-1879
In base 10, what is 3 - -4786?
4789
In base 3, what is 12001100211 + -10?
12001100201
In base 12, what is a317 - 2?
a315
In base 2, what is 100 - -1000111111111?
1001000000011
In base 12, what is -5694 + -10?
-56a4
In base 4, what is -3020320 + 0?
-3020320
In base 7, what is 136420 + -4?
136413
In base 9, what is 366 + -4516?
-4140
In base 9, what is 5 - -2155686?
2155702
In base 2, what is 10100001010111111 + 11?
10100001011000010
In base 9, what is 5 + 2758600?
2758605
In base 8, what is -1113 - -23?
-1070
In base 10, what is -3 - 59641?
-59644
In base 10, what is 4 - -17583?
17587
In base 15, what is 0 - 76413?
-76413
In base 3, what is -2110 + 1200210?
1121100
In base 7, what is -33626 - 12?
-33641
In base 5, what is 3 - 131402?
-131344
In base 11, what is -6 + 13176?
13170
In base 15, what is 29a9 - -5?
29ae
In base 6, what is -4 - -4154504?
4154500
In base 16, what is a7da - -2?
a7dc
In base 13, what is 777 + -28?
74c
In base 11, what is -64993 - 0?
-64993
In base 4, what is -30 + -1102302?
-1102332
In base 11, what is -10391 + -24?
-10405
In base 9, what is -84442 + 4?
-84437
In base 12, what is -2 + 2a725?
2a723
In base 7, what is 12 - 22454?
-22442
In base 9, what is -21 - 77038?
-77060
In base 4, what is -12210311 + -113?
-12211030
In base 9, what is -86 + 442?
345
In base 15, what is 50a - 3?
507
In base 14, what is 18 + 7837?
7851
In base 15, what is -44 - 142?
-186
In base 12, what is 3 + 16946?
16949
In base 14, what is -ad + -30?
-dd
In base 16, what is 9 + 35a?
363
In base 11, what is -4 + 9809a0?
980997
In base 4, what is -1203011031 - -12?
-1203011013
In base 5, what is -2 + -1100432?
-1100434
In base 14, what is -2baa - -2?
-2ba8
In base 11, what is -8238 + -10?
-8248
In base 3, what is 122 - 111102201?
-111102002
In base 4, what is -10200110 - 0?
-10200110
In base 10, what is -3034 + 38?
-2996
In base 6, what is -23 + -2214?
-2241
In base 2, what is 1 + 100100101000111011010?
100100101000111011011
In base 16, what is 5 + -311c7?
-311c2
In base 2, what is -1010010001 - -110101001?
-11101000
In base 2, what is -110100000 + -10000011010000?
-10001001110000
In base 11, what is 352 - -a00?
1252
In base 12, what is 49 - 331a?
-3291
In base 5, what is -103444 + -14?
-104013
In base 8, what is 13 + 223?
236
In base 10, what is 5 - 625999?
-625994
In base 9, what is 324776 + 2?
324778
In base 13, what is -27 - -5815?
57bb
In base 3, what is 20112 - -11220?
102102
In base 11, what is -60 - -176?
116
In base 4, what is -20212033 + 2?
-20212031
In base 5, what is -10 + -14034410?
-14034420
In base 2, what is 1101011 + -11011011101?
-11001110010
In base 14, what is 4 - -522?
526
In base 9, what is -8 + -127316?
-127325
In base 11, what is 5 - -9854?
9859
In base 9, what is 7238 - 3?
7235
In base 4, what is -111133031 - -3?
-111133022
In base 11, what is 13132 - -2?
13134
In base 2, what is -1110111001010011110 + 1?
-1110111001010011101
In base 2, what is -1101 + -11001000010110?
-11001000100011
In base 8, what is -72326 - 3?
-72331
In base 12, what is -214 + 105?
-10b
In base 10, what is 11 + 79820?
79831
In base 13, what is -5 + 52c5?
52c0
In base 8, what is 1110031 + 3?
1110034
In base 6, what is 14545233 + 5?
14545242
In base 12, what is -1b8 + 43?
-175
In base 2, what is -111000001000 + 1010001?
-110110110111
In base 10, what is -99309 - -1?
-99308
In base 3, what is -1001 - -10002002201?
10002001200
In base 10, what is 3 + 11606?
11609
In base 1